- 147?
-121
In base 16, what is -2 - 9?
-b
In base 10, what is 2 - -287?
289
In base 7, what is 5111 - -5?
5116
In base 12, what is -b + -a?
-19
In base 15, what is -2 + -3de?
-3e1
In base 7, what is 4 + 21?
25
In base 12, what is 7 + 3a?
45
In base 4, what is 3030 - -102?
3132
In base 9, what is -5 - 271?
-276
In base 14, what is -33 - 0?
-33
In base 7, what is -2 - -223?
221
In base 6, what is 0 + -30?
-30
In base 7, what is -3 - -55?
52
In base 16, what is 47 - -2?
49
In base 3, what is 112211 + -11?
112200
In base 2, what is -10101001100 + -1?
-10101001101
In base 7, what is -5 + 2325?
2320
In base 12, what is 33 - -7a?
b1
In base 10, what is 85 - -2?
87
In base 10, what is -141 + 26?
-115
In base 7, what is 140 + -13?
124
In base 12, what is 53 - -4?
57
In base 12, what is 69 - -1?
6a
In base 3, what is 10110201 - 12?
10110112
In base 9, what is 3 - -2771?
2774
In base 13, what is -13aa + 1?
-13a9
In base 4, what is 22 + -131?
-103
In base 15, what is 1ed5 + 4?
1ed9
In base 7, what is -3501 + 1?
-3500
In base 3, what is -2 + 101022?
101020
In base 14, what is -5a + 3?
-57
In base 13, what is -a2a - -8?
-a22
In base 6, what is 3 + -32?
-25
In base 15, what is 11 - -4?
15
In base 5, what is -230 - -14?
-211
In base 12, what is -57 - 3?
-5a
In base 9, what is 15 - 100?
-74
In base 5, what is 223 + 4?
232
In base 3, what is 102 - 1011101?
-1010222
In base 10, what is 2 - 24?
-22
In base 14, what is -131 + 0?
-131
In base 9, what is 4 - 107?
-103
In base 11, what is -32 + -5?
-37
In base 14, what is -3 + 102?
dd
In base 6, what is 121 + -44?
33
In base 2, what is -11110 - 0?
-11110
In base 6, what is -2 - -10102?
10100
In base 13, what is 4 - 545?
-541
In base 3, what is 112 + -1021?
-202
In base 15, what is -4 + -64?
-68
In base 12, what is a + 744?
752
In base 12, what is -4 - -58?
54
In base 7, what is 3 + -3123?
-3120
In base 14, what is -4 - -26b?
267
In base 15, what is -a - 84?
-8e
In base 2, what is -10111101 - -1011?
-10110010
In base 11, what is -216 - -52?
-174
In base 14, what is 0 + 2026?
2026
In base 15, what is 5 + -39b?
-396
In base 15, what is 18e + -5?
189
In base 14, what is -a68 - -2?
-a66
In base 8, what is -45 + -4?
-51
In base 7, what is 11115 - 3?
11112
In base 8, what is -2202 + -3?
-2205
In base 10, what is -5 - 89?
-94
In base 2, what is 100 + 11111?
100011
In base 9, what is -11 + 1175?
1164
In base 16, what is -22a + -6?
-230
In base 2, what is -1001 + 10010011?
10001010
In base 5, what is -2 + 3134?
3132
In base 2, what is 1011010101001 + -101?
1011010100100
In base 6, what is 4 + 3?
11
In base 7, what is -4 - 5544?
-5551
In base 14, what is -2b1 - 2?
-2b3
In base 10, what is 311 - 3?
308
In base 5, what is -4 - 4230?
-4234
In base 3, what is -1020200 + -2?
-1020202
In base 9, what is 86 - 30?
56
In base 3, what is 1 - 121200?
-121122
In base 11, what is -36 + -7?
-42
In base 11, what is -5 - 11?
-16
In base 8, what is 33 - 112?
-57
In base 4, what is -1020032 + 3?
-1020023
In base 4, what is 110 - -331?
1101
In base 2, what is -10 - 1001110?
-1010000
In base 11, what is -5 + 474?
46a
In base 7, what is -11 + 66?
55
In base 7, what is 5 + -56?
-51
In base 6, what is -21 + 4?
-13
In base 6, what is 110 - 121?
-11
In base 13, what is -28 + 3?
-25
In base 6, what is -45 + -1?
-50
In base 8, what is -1346 + 4?
-1342
In base 5, what is 0 + -4224?
-4224
In base 15, what is -4 - 1ae?
-1b3
In base 5, what is 2 + 4331?
4333
In base 10, what is -8 - 720?
-728
In base 10, what is 35 + 2?
37
In base 15, what is -56d + 4?
-569
In base 14, what is 0 + -19?
-19
In base 10, what is -1 - -2379?
2378
In base 15, what is 1 - aa5?
-aa4
In base 5, what is 2243 + -131?
2112
In base 8, what is -5072 + -4?
-5076
In base 2, what is 110 + -10011001?
-10010011
In base 5, what is 1 + -142032?
-142031
In base 16, what is 4 + -fc?
-f8
In base 7, what is 104 + 4?
111
In base 13, what is -39 - 4?
-40
In base 3, what is -10210 + 110?
-10100
In base 4, what is 212 + -10312?
-10100
In base 6, what is -2301 - 1?
-2302
In base 4, what is 10100131 - -1?
10100132
In base 2, what is 11110011010 - -1?
11110011011
In base 12, what is 17 + -3?
14
In base 2, what is -1101111 + 1000?
-1100111
In base 14, what is -5 + -775?
-77a
In base 14, what is a + -20?
-14
In base 2, what is 1011 + -111101101?
-111100010
In base 11, what is 1 - -884?
885
In base 10, what is 1 - -46?
47
In base 16, what is 2e + 9?
37
In base 2, what is -101110000101 + -101?
-101110001010
In base 5, what is -130 - -211?
31
In base 15, what is 310 - 1?
30e
In base 6, what is -4 + -104013?
-104021
In base 9, what is -5 - -135?
130
In base 3, what is 10221110 - -20?
10221200
In base 10, what is -10 + 11?
1
In base 13, what is -6 - 14?
-1a
In base 13, what is 30 + -a?
23
In base 10, what is 10 - 16?
-6
In base 7, what is -4 - 150?
-154
In base 9, what is 1 + -20?
-18
In base 14, what is 1a + -18d?
-173
In base 15, what is -3 - -223?
220
In base 11, what is 2 - -320?
322
In base 4, what is 20111 + 10?
20121
In base 11, what is -1a96 - 6?
-1aa1
In base 15, what is 4 + 4be?
4c3
In base 14, what is -43 + -4?
-47
In base 9, what is 1 + 10?
11
In base 9, what is -13 - -3?
-10
In base 10, what is 10 - 6?
4
In base 5, what is -21 - -344?
323
In base 5, what is -211 + 10?
-201
In base 14, what is -5 + -43?
-48
In base 14, what is 148 + 2?
14a
In base 3, what is -20110100 + -10?
-20110110
In base 2, what is -10000 + -100000?
-110000
In base 15, what is -443 + 3?
-440
In base 7, what is -5 + -1264?
-1302
In base 4, what is 3 - -2111?
2120
In base 3, what is -21 - 2101?
-2122
In base 12, what is -1522 - 2?
-1524
In base 7, what is -16224 + 0?
-16224
In base 16, what is -c89 + -5?
-c8e
In base 4, what is -10310 - 110?
-11020
In base 16, what is 13 + c?
1f
In base 2, what is 11 - -1101?
10000
In base 4, what is -1 + 1200?
1133
In base 10, what is 1 + -893?
-892
In base 7, what is -320 + -5?
-325
In base 16, what is -26b + -18?
-283
In base 5, what is 14 - -314?
333
In base 13, what is 193 - -3?
196
In base 16, what is 366 + 5?
36b
In base 4, what is 3 + 300213?
300222
In base 2, what is -11000 + 100?
-10100
In base 9, what is -6 - 225?
-232
In base 8, what is 136 - 467?
-331
In base 6, what is -1150 + 4?
-1142
In base 7, what is -502 + 3?
-466
In base 14, what is -311d - -1?
-311c
In base 6, what is -1 - -150?
145
In base 7, what is 333 + -66?
234
In base 9, what is -74 + 1?
-73
In base 3, what is -21 - 1001?
-1022
In base 2, what is 101111 - 1011?
100100
In base 13, what is -c + -123?
-132
In base 15, what is -e + -a?
-19
In base 4, what is 11 + -312?
-301
In base 14, what is -172 + 0?
-172
In base 9, what is 62 - -58?
131
In base 14, what is 57 - -5?
5c
In base 16, what is cc7 - 4?
cc3
In base 3, what is -100102 - -1?
-100101
In base 16, what is -2b07 + -3?
-2b0a
In base 9, what is 24 + -523?
-488
In base 15, what is -4 - b2?
-b6
In base 10, what is -70 - 186?
-256
In base 13, what is -441 - -5?
-439
In base 9, what is 533 + 2?
535
In base 7, what is 6364 - 0?
6364
In base 9, what is 6 - -584?
601
In base 4, what is 102 + 221?
323
In base 2, what is 101 - 110000?
-101011
In base 3, what is -12012 - -112?
-11200
In base 3, what is -2 + -100001100?
-100001102
In base 8, what is -2 - -10?
6
In base 2, what is 1101010110 + -1010?
1101001100
In base 10, what is -16 + -29?
-45
In base 14, what is -2 - -859?
857
In base 12, what is -5 - -82?
79
In base 16, what is 15 - 10?
5
In base 4, what is 10033 - -3?
10102
In base 16, what is -3 - -75?
72
In base 10, what is -75 + -2?
-77
In base 16, what is 3 - -7?
a
In base 11, what is 24 - 50?
-27
In base 9, what is -2 - -206?
204
In base 5, what is 0 - -144?
144
In base 2, what is 1000 - 101111?
-100111
In base 5, what is -4203 - -13?
-4140
In base 4, what is -13032 + 10?
-13022
In base 11, what is 178 - -3?
180
In base 13, what is -ab + 4?
-a7
In base 13, what is -2 + 3?
1
In base 5, what is 421230 - -10?
421240
In base 8, what is -117207 - 5?
-117214
In base 11, what is -793 + -3?
-796
In base 8, what is -4 + -122?
-126
In base 14, what is 2 + 30?
32
In base 5, what is -241 + -1?
-242
In base 5, what is 3242 + -2?
3240
In base 6, what is -32 + -24?
-100
In base 9, what is -587 - 21?
-618
In base 10, what is 751 - -4?
755
In base 4, what is 1023 - -210?
1233
In ba